{"id":788,"date":"2021-02-17T19:10:08","date_gmt":"2021-02-17T19:10:08","guid":{"rendered":"http:\/\/cantagalo.org.br\/?page_id=788"},"modified":"2021-02-17T19:10:08","modified_gmt":"2021-02-17T19:10:08","slug":"contatos","status":"publish","type":"page","link":"https:\/\/cantagalo.org.br\/?page_id=788","title":{"rendered":"Contatos"},"content":{"rendered":"\n<p>Luis Ant\u00f4nio Oliveira de Souza &#8211; Presidente da AMEC &#8211; (24) 99926-2930<\/p>\n\n\n\n<p>Email da Associa\u00e7\u00e3o &#8211; amec.cantagalo@hotmail.com<\/p>\n\n\n\n<p>Ot\u00e1vio Cunha &#8211; respons\u00e1vel pela p\u00e1gina &#8211; (21) 988893778<\/p>\n","protected":false},"excerpt":{"rendered":"<p>Luis Ant\u00f4nio Oliveira de Souza &#8211; Presidente da AMEC &#8211; (24) 99926-2930 Email da Associa\u00e7\u00e3o &#8211; amec.cantagalo@hotmail.com Ot\u00e1vio Cunha &#8211; respons\u00e1vel pela p\u00e1gina &#8211; (21) 988893778<\/p>\n","protected":false},"author":2,"featured_media":0,"parent":0,"menu_order":0,"comment_status":"closed","ping_status":"closed","template":"","meta":{"footnotes":""},"class_list":["post-788","page","type-page","status-publish","hentry"],"_links":{"self":[{"href":"https:\/\/cantagalo.org.br\/index.php?rest_route=\/wp\/v2\/pages\/788","targetHints":{"allow":["GET"]}}],"collection":[{"href":"https:\/\/cantagalo.org.br\/index.php?rest_route=\/wp\/v2\/pages"}],"about":[{"href":"https:\/\/cantagalo.org.br\/index.php?rest_route=\/wp\/v2\/types\/page"}],"author":[{"embeddable":true,"href":"https:\/\/cantagalo.org.br\/index.php?rest_route=\/wp\/v2\/users\/2"}],"replies":[{"embeddable":true,"href":"https:\/\/cantagalo.org.br\/index.php?rest_route=%2Fwp%2Fv2%2Fcomments&post=788"}],"version-history":[{"count":2,"href":"https:\/\/cantagalo.org.br\/index.php?rest_route=\/wp\/v2\/pages\/788\/revisions"}],"predecessor-version":[{"id":790,"href":"https:\/\/cantagalo.org.br\/index.php?rest_route=\/wp\/v2\/pages\/788\/revisions\/790"}],"wp:attachment":[{"href":"https:\/\/cantagalo.org.br\/index.php?rest_route=%2Fwp%2Fv2%2Fmedia&parent=788"}],"curies":[{"name":"wp","href":"https:\/\/api.w.org\/{rel}","templated":true}]}}